 5*r + 10*r = 393. Suppose 4*u - b = -0*u. Is u prime?
False
Let o be -6*3/(-4)*-2. Let h = o - -18. Let a = 23 - h. Is a prime?
False
Suppose 2*c = 5*c - 366. Is c prime?
False
Let k be (-14)/(-8) + 2/8. Suppose -21 = -s - 6. Suppose -k*w - s = 3*w, 0 = -5*q + w + 158. Is q prime?
True
Let y(z) = z**3 + 7*z**2 - 3*z. Let n be y(-6). Suppose 3*t - 9 = -n. Let w = t - -29. Is w a composite number?
True
Let j = -97 + 414. Is j prime?
True
Let q(l) = -3*l**3 - l. Let x be q(1). Let w be 2/x + 669/6. Suppose 2*d = 5*d - w. Is d composite?
False
Let m(p) = p**3 + 9*p**2 - 3*p. Let f(b) = b**3 + 10*b**2 - 4*b - 1. Let v(w) = 5*f(w) - 6*m(w). Let x be (8/12)/((-1)/9). Is v(x) prime?
True
Suppose -4*j - 2*y = y - 7936, 2*j - 2*y = 3982. Is j composite?
False
Let u = 107 + -42. Is u a composite number?
True
Let f(a) = -4*a**3 + a**2 - 2*a + 4. Suppose 0*x + 6 = -2*x. Is f(x) prime?
True
Let p(n) = n**3 + 7*n**2 - 2*n - 11. Let x be p(-7). Suppose -15 = -x*t + 78. Is t a prime number?
True
Let b = -3 - -2. Let u be ((-86)/(-4))/(b/2). Let x = u + 90. Is x composite?
False
Suppose -4*t = -z + 41, 3*t = z + 2*z - 159. Suppose 3*l - 16 = -2*y + 7*l, -3*l = 9. Suppose -y*v = v - z. Is v composite?
False
Suppose 5*d + 25 = 3*u, 0 = u + 3*d - 0*d + 15. Suppose u = 4*o - 64 - 28. Is o a composite number?
False
Let c(b) = b + 0*b + 6 + 1. Let n(u) = u**2 + u. Let v be n(0). Is c(v) a composite number?
False
Suppose 4*q = 4*i - 716, q + 0*q - 2 = 0. Is i a composite number?
False
Suppose 2*t + t = 2*u + 15575, -2*t + 5*u = -10365. Is t composite?
True
Let m(f) = -9*f + 5. Let j(o) = -4*o + 2. Let i(z) = 7*j(z) - 3*m(z). Is i(-7) composite?
True
Suppose 243 = -0*v + 3*v. Suppose 3*h + 0*h = -v. Let u = h - -64. Is u a composite number?
False
Suppose 14*r = 7*r + 511. Let p = r + 10. Is p a composite number?
False
Let s be (3/(-1) + 1)*-2. Suppose 276 = s*u - g - g, -5*u - g + 331 = 0. Is u a prime number?
True
Let x be (-4)/(-18) + (-69132)/(-189). Let o = x - 161. Is o composite?
True
Suppose -109*p = -111*p + 94. Is p composite?
False
Let d be (-3 + (1 - 3))*-1. Suppose -2*h + 747 = d*a, -3*a + 452 = -h + 6*h. Is a prime?
True
Let q = 14 + -10. Suppose 2*s + 0*s - 12 = -q*u, u - 1 = 0. Suppose s*w - 34 - 102 = 0. Is w composite?
True
Let w(z) = -z**2 + z + 7. Let u be w(5). Suppose 5*f + 10 + 20 = 0. Let a = f - u. Is a prime?
True
Let p be ((-2)/5)/((-3)/(-165)). Let o = 35 + p. Is o composite?
False
Let b(m) = m**3 + 19*m**2 - m + 29. Is b(-18) composite?
True
Let d(x) = 9*x + 5. Is d(9) composite?
True
Suppose 0 = 2*d + u - 1002, -1022 = -2*d + 11*u - 7*u. Is d a composite number?
False
Is (-2)/6*-2*1227/2 composite?
False
Suppose 5*h = -2*u + 9, -5*u + 10*u + 3*h = 13. Suppose -211 = -5*o - u*z, 3*z = -4*o - z + 176. Let y = -28 + o. Is y composite?
False
Is 1893/3*-3*(-2)/6 a composite number?
False
Is (-8)/6 + (-16088)/(-24) a composite number?
True
Let p(w) = -79*w**2 - 5*w + 20. Let r(u) = 16*u**2 + u - 4. Let k(i) = 2*p(i) + 11*r(i). Is k(3) a prime number?
False
Let k(u) = -6*u - 6. Suppose 3*l + 2*l - 4*z = -37, -2*z - 13 = l. Let p be k(l). Suppose -4*g = p - 172. Is g prime?
True
Let x(u) = 3*u + 1. Let m be x(-5). Let v = 7 - 11. Is (m/6)/(v/12) a prime number?
True
Let x be 1/(-2 + (-21)/(-9)). Suppose -2*j = 5*s - 82, 0*j + x*s = -5*j + 167. Is j a prime number?
True
Let h(b) = -2292*b**3 + 2*b**2 + 2*b + 1. Is h(-1) a prime number?
True
Let f(g) = 116*g - 7. Is f(3) prime?
False
Is (-5742)/(-15) - 1/(-5) a prime number?
True
Let o = 28 + -24. Suppose -59 + 231 = o*i. Is i a prime number?
True
Suppose -3*p = -0*v - 2*v + 166, -v - 4*p + 105 = 0. Suppose -f - 30 + v = 0. Is f prime?
True
Suppose d + 2*l + 15 = 6*d, -6 = -2*d - l. Is 363/3 - d/1 a prime number?
False
Let t = 11 - 4. Let y be 1/3 - (-1)/(-3). Suppose y = t*q - 2*q - 445. Is q composite?
False
Is 147 - (3*-2)/3 a prime number?
True
Let c(f) = -9*f + 4*f - 7*f - 2 + 2*f**2 - 1. Is c(14) prime?
False
Suppose 2*a - 68 = 5*a + z, 8 = 2*z. Let x = 315 + a. Suppose 2*c = -c + x. Is c composite?
False
Suppose 158 - 55 = y. Suppose 5*n - 4 = -5*g + 16, -5*n = -4*g + 16. Suppose 3*q + d - 2 = 59, 5*q + d - y = n. Is q a prime number?
False
Suppose 3*c + 1171 = 2*f - 2925, 5*f + c - 10257 = 0. Is f a prime number?
False
Let g(c) = -3*c + 22*c**2 + 1 + 2*c - 5*c + 4*c. Is g(2) prime?
False
Suppose -2*w + 245 = 3*w. Suppose 5*t - w - 496 = 0. Is t prime?
True
Suppose -6*s - 1592 = -10*s. Is s a composite number?
True
Let w(t) = t**3 - 6*t**2 - 9*t - 5. Is w(9) prime?
True
Let u(s) = 13*s**2 - 6*s - 4. Let m be u(-4). Let j be m/8*4/3. Suppose 24 - 88 = -3*w + h, j = 2*w + 4*h. Is w a composite number?
True
Let p = 4 + -2. Suppose 5 + p = v. Is v a composite number?
False
Let n(d) = -d**3 - 3*d**2 - 3*d - 10. Let m be n(-5). Suppose 5*w - m = 4*w. Is w composite?
True
Suppose -2*n - 1 = s - 5, 5*n = 2*s - 8. Suppose 105 = -n*w + 5*w. Is w prime?
False
Suppose 16 = 3*c + b, 4*b = c - 1 - 0. Is 2/(8/c)*12 composite?
True
Let v be (599 - 1) + -1 + 3. Suppose -5*s = j + 63 - 193, -4*j - 4*s = -v. Is j a composite number?
True
Is 958/14 + 48/84 composite?
True
Suppose 27 = -4*d - 109. Is d/(-85) - (-766)/10 a prime number?
False
Suppose -3*g + 370 = 49. Suppose -405 = 5*v - 60. Let k = v + g. Is k prime?
False
Suppose -5*b + b + 288 = 2*j, -5*b - 123 = -j. Let t = 265 - j. Is t prime?
True
Suppose i = 3*i - 278. Suppose 5*c - 148 = 4*j + 225, -i = -2*c + 5*j. Is c a prime number?
False
Let d be ((-800)/15)/(2/(-9)). Suppose 2*q - o = d, -4 = -3*o + 2. Is q a prime number?
False
Suppose 0 = -x - r - 3*r - 14, 2*x + 3*r + 8 = 0. Is x*1/(-2)*-34 composite?
True
Let m(l) = -l**2 - 9*l + 10. Let i be m(-10). Suppose -263 = -3*d - v, 3*d - 283 = -i*d + 4*v. Is d prime?
True
Let r = 9 - 12. Let a be 0 + r + 5 + 1. Suppose -q + 0*q + a*b = 1, 0 = -2*q + b + 23. Is q prime?
False
Let y = -4 + 2. Let f(h) = 33*h**2 - 1. Is f(y) a prime number?
True
Suppose 7*f + 5*q - 16 = 3*f, 2*q = 0. Suppose 0 = 3*o + f*w + 11, 27 = 4*o - w - 2*w. Suppose -118 = -o*g - 25. Is g composite?
False
Let o(v) = v**3 + 8*v**2 - 11*v - 5. Let k be o(-7). Let n = k - 12. Is n prime?
True
Let b = 32 - -5. Is b a prime number?
True
Let a = 5305 - -364. Is a prime?
True
Suppose c + 1910 = 5*d - 2*c, -2*d - c = -753. Is d composite?
False
Suppose d = -r - d + 29, 2*d + 8 = 0. Is r a prime number?
True
Suppose -4*f - 4 = -j - 1, 0 = -3*j - 3*f + 9. Suppose 0 = -j*m + 252 + 213. Is m prime?
False
Suppose 8 - 2 = 2*z - 4*i, 4*z = 3*i + 7. Let h = 4 - z. Is h a prime number?
True
Let i(w) = -3 - 3 + w**2 + 4. Let l be i(4). Let a = -4 + l. Is a composite?
True
Let n(q) = 5*q + 11 + 2*q**3 - 7*q**2 + q**3 - q**3 - q**2. Is n(8) a composite number?
False
Suppose 13 = 2*h - 5. Let q(m) = -5*m + 3 - 1 + 281*m**2 - 280*m**2. Is q(h) a prime number?
False
Suppose 0 = 2*r - 3 - 1. Is 25/r*28/35 a composite number?
True
Let q = -8139 - -14680. Is q composite?
True
Suppose -6*q - 764 = -10*q. Is q a composite number?
False
Let o(p) = -p**3 - 5*p**2 - 3*p + 4. Let k be o(-4). Let a = k - -10. Is a composite?
True
Let d be (-3 + 2)*(0 + -3). Let h be (d/(-6))/((-1)/4). Suppose 132 = h*g + 2*g. Is g composite?
True
Let x be -3*(-3)/((-3)/19). Let g = x + 212. Is g prime?
False
Suppose 0 = -5*n - 3*z + 1774 - 504, 0 = -2*n + 5*z + 477. Is n a prime number?
True
Suppose -4 = -2*g + 3*g. Is 97/(0/g - -1) prime?
True
Let v(d) = 11*d - 2. Is v(5) composite?
False
Suppose 0 = -r - 5*g + 1, 3*r - 19 = -0*g + g. Is 86 + (0 - (-3 + r)) composite?
False
Let y(t) = -43*t + 7. Let q = 9 + -15. Let s be y(q). Suppose -2*x = -5*a + s, 4*a - 3*x - 230 = -5*x. Is a prime?
False
Let i(k) = -2*k**3 - 2*k**2 + 2*k - 1. Let m be i(1). Let y be (-1)/(1*3/(-6)). Is 56/(-6)*m/y composite?
True
Let u(f) = 167*f + 1. Let b be u(1). Let k = b - 90. Suppose k = -y + 4*y. Is y a prime number?
False
Suppose 3*g - 1 = 4*i + 6, -4*g + 28 = 4*i. Is 206/6 + i/(-6) a composite number?
True
Suppose -1175 = 5*j - 4*y, -j + 4*y - 69 = 182. Let q = -68 - j. Is q a composite number?
False
Let l(d) be the third derivative of 0 + 4*d**2 - 7/6*d**3 - 1/6*d**4 + 1/10*d**5 + 0*d. Is l(6) a prime number?
False
Let i(u) be the third derivative of -3*u**2 + 0 + 1/4*u**4 - 1/2*u**3 + 0*u. Is i(